8
Let h(a) = a**3 - 6*a**2 - 7*a + 3. Calculate h(7).
3
Let k(c) = 27*c**3 - 10*c**2 + 9*c + 2. Give k(1).
28
Let g(o) = -o**3 + 3*o**2 + 8*o - 7. Determine g(5).
-17
Let l(y) = y**3 + 4*y**2 - 8*y - 7. What is l(-5)?
8
Let g(u) = -u**3 - 9*u**2 - 8*u + 6. What is g(-8)?
6
Let p(h) = -7*h + 7. What is p(6)?
-35
Let b(w) = -7*w**2 - 8*w + 2. Determine b(-3).
-37
Let t(j) = -j**3 + 5*j**2 - 4. What is t(4)?
12
Let w(q) = -q**2 - 16*q - 20. What is w(-14)?
8
Let y(n) = 2*n + 41. Give y(-17).
7
Let z(o) = -o**3 - 6*o**2 - 6*o + 2. Calculate z(-5).
7
Let j(b) = -b**3 - 26*b**2 + 25*b - 59. What is j(-27)?
-5
Let y(p) = 5*p**2 - 10*p. Determine y(2).
0
Let i(a) = 6*a - 34. What is i(6)?
2
Let u(b) = -b**2 - 38*b + 48. Give u(-38).
48
Let z(g) = -g**3 - 9*g**2 - 2*g + 8. Calculate z(-9).
26
Let x(o) = 9*o**2 - 2*o - 1. Determine x(1).
6
Let d(w) = 10*w. Give d(3).
30
Let y(t) = -t**2 + 24*t - 136. Determine y(14).
4
Let v(t) = t**3 - 7*t**2 - 9*t - 11. What is v(8)?
-19
Let v(r) = r + 7. Give v(5).
12
Let f(w) = 4*w + 41. Determine f(-21).
-43
Let c(d) = -d**3 - 21*d**2 - 40*d - 25. Determine c(-19).
13
Let r(q) = q**2 + 3*q - 8. Give r(-6).
10
Let x(s) = -5*s + 155. Calculate x(32).
-5
Let v(o) = 6*o - 10. What is v(-8)?
-58
Let c(b) = 8*b**2 - 2*b + 2. Give c(2).
30
Let m(c) = c**3 - 5*c**2 + 1. Give m(5).
1
Let g(u) = 23*u + 100. Give g(-7).
-61
Let u(x) = x**2 - 14*x - 13. Determine u(14).
-13
Let d(g) = 4*g - 40. Give d(9).
-4
Let r(z) = z + 19. Determine r(-13).
6
Let a(q) = 2*q + 13. Determine a(-6).
1
Let b(t) = 3*t**3 - 3*t**2 + 2*t - 1. Determine b(2).
15
Let x(l) = 25*l - 125. Determine x(4).
-25
Let h(f) = -2*f**3 + 10*f**2 - 12*f + 57. Calculate h(5).
-3
Let q(r) = -5*r + 146. What is q(29)?
1
Let p(n) = 6*n - 30. Give p(6).
6
Let o(f) = 10*f**2 - 231*f + 31. What is o(23)?
8
Let y(z) = -2*z**3 + 8*z**2 + 6*z + 3. Give y(5).
-17
Let k(o) = -o - 10. Calculate k(-5).
-5
Let h(t) = -6*t - 63. Calculate h(-11).
3
Let z(y) = y**3 - 12*y**2 - 11*y - 31. What is z(13)?
-5
Let t(a) = a**2 - 14*a + 27. What is t(3)?
-6
Let i(o) = -o**2 + 19*o - 17. Give i(18).
1
Let c(i) = 2*i**3 + 12*i**2 + 5*i + 4. Calculate c(-6).
-26
Let f(z) = 13*z + 2. Determine f(-1).
-11
Let m(z) = -2*z**3 + 11*z**2 - 19*z + 27. What is m(6)?
-123
Let a(k) = -5*k + 21. Determine a(9).
-24
Let s(t) = -2*t**3 + 16*t**2 - t + 3. What is s(8)?
-5
Let k(h) = -4*h + 46. Calculate k(13).
-6
Let y(b) = b**3 - 16*b**2 + 2*b - 23. What is y(16)?
9
Let n(r) = -r**2 + 4*r - 6. Determine n(2).
-2
Let u(n) = -n**2 - 19*n - 72. Calculate u(-6).
6
Let p(r) = -26*r - 51. Calculate p(-3).
27
Let k(o) = o**3 - 12*o**2 - 13*o + 14. Determine k(13).
14
Let n(r) = r**3 + 5*r**2 - 11*r + 27. Calculate n(-7).
6
Let a(h) = h**2 - 9*h + 13. Calculate a(7).
-1
Let d(u) = -3*u - 20. What is d(-12)?
16
Let m(o) = o**2 - 14*o - 19. What is m(15)?
-4
Let w(y) = -2*y - 7. What is w(-10)?
13
Let r(c) = -3*c**3 + 3*c**2 + c - 3. What is r(1)?
-2
Let s(w) = w**3 + 6*w**2 - 19*w - 93. Determine s(-7).
-9
Let b(q) = -2*q**3 - 8*q**2 - 7*q + 4. What is b(-4)?
32
Let l(a) = a**2 + 2*a + 2. Give l(-1).
1
Let y(j) = -39*j + 1249. Give y(32).
1
Let a(y) = y**3 + 19*y**2 - 3*y - 62. Calculate a(-19).
-5
Let p(n) = -20*n + 134. What is p(8)?
-26
Let d(q) = -q**2 - 4*q + 3. Calculate d(-4).
3
Let w(c) = -2*c**3 - 2*c**2 + 4*c - 1. What is w(-3)?
23
Let w(m) = 34*m. Calculate w(1).
34
Let t(l) = -l**3 + 49*l**2 - 97*l + 151. Give t(47).
10
Let w(g) = -15*g**2 - 2*g + 4. Determine w(3).
-137
Let u(m) = 2*m - 61. Determine u(26).
-9
Let s(l) = l**3 + l**2 + l - 5. Give s(0).
-5
Let u(m) = m**2 + 69*m + 373. Calculate u(-6).
-5
Let o(c) = -16*c - 159. Calculate o(-9).
-15
Let q(c) = -c**3 + 2*c**2 - 5*c + 3. Give q(1).
-1
Let c(t) = -t**2 - 2*t + 9. Determine c(-3).
6
Let d(o) = 17*o. Calculate d(6).
102
Let h(j) = 2*j + 6. What is h(5)?
16
Let n(i) = i**2 - 21*i + 31. What is n(20)?
11
Let m(w) = w**2 - 3*w - 2. Calculate m(2).
-4
Let c(p) = p**3 + 3*p**2 - 13*p - 3. Calculate c(-5).
12
Let i(o) = -24*o. Calculate i(1).
-24
Let t(m) = m**3 - 5*m**2 - 6*m - 52. Give t(7).
4
Let g(p) = -2*p**2 - 2*p - 3. What is g(-1)?
-3
Let s(t) = 5*t - 17. Determine s(6).
13
Let y(i) = -i**3 + 8*i**2 + i. What is y(8)?
8
Let r(l) = -l**3 + 3*l**2 + 19*l + 10. Determine r(6).
16
Let c(f) = f**3 + 6*f**2 + 6*f - 5. What is c(-4)?
3
Let m(q) = -q**2 - 7*q - 7. Give m(-6).
-1
Let c(j) = j + 2. What is c(3)?
5
Let u(i) = -i**3 + 10*i**2 + 5*i - 5. Give u(10).
45
Let k(m) = m**3 + 15*m**2 - 37*m - 44. What is k(-17)?
7
Let r(s) = -s**2 + 21*s + 361. Give r(32).
9
Let p(j) = -3*j - 16. What is p(-4)?
-4
Let h(x) = -3*x**2 - 19*x - 2. Give h(-6).
4
Let l(t) = 4*t**2 + 28*t + 10. Give l(-4).
-38
Let v(n) = n**3 + 4*n**2 - 9. What is v(-4)?
-9
Let z(o) = -2*o**2 + 2*o + 2. Calculate z(2).
-2
Let q(k) = k**3 - 8*k**2 - 2*k + 3. Calculate q(8).
-13
Let x(k) = k**2 + 6*k + 2. Give x(-5).
-3
Let r(h) = 6*h**2 + 6*h - 4. What is r(-3)?
32
Let q(t) = -t**3 - 5*t**2 - 5*t + 10. Determine q(-3).
7
Let c(u) = -u**2 + 9*u - 9. Give c(7).
5
Let u(a) = -a - 21. Give u(-9).
-12
Let k(p) = p**3 - 6*p**2 - 9*p + 8. What is k(7)?
-6
Let m(u) = u**2 + 11*u - 14. Determine m(-11).
-14
Let q(i) = -6*i + 14. Determine q(5).
-16
Let h(u) = -45*u - 94. Determine h(-2).
-4
Let c(w) = w**2 + 3*w - 16. What is c(-7)?
12
Let x(o) = -2*o - 4. What is x(0)?
-4
Let u(g) = -30*g - 21. Calculate u(-1).
9
Let f(v) = 2*v**2 - 26*v + 75. Determine f(5).
-5
Let h(i) = 3*i - 8. What is h(6)?
10
Let s(q) = -37*q**3 - 8*q + 8. Determine s(1).
-37
Let s(j) = -3*j**2 + 206*j + 74. What is s(69)?
5
Let y(j) = j**3 - 5*j**2 - 3*j + 8. Determine y(4).
-20
Let m(i) = 11*i + 1. Calculate m(2).
23
Let l(u) = 20*u + 2. Determine l(1).
22
Let b(k) = 3*k + 4. Determine b(2).
10
Let g(k) = -36*k + 33. Determine g(1).
-3
Let u(f) = -f**2 + 12*f - 26. What is u(8)?
6
Let w(z) = -3*z**2 + 6*z + 2. What is w(3)?
-7
Let l(y) = 10*y. Give l(0).
0
Let u(c) = -c + 12. Determine u(8).
4
Let k(c) = -c**2 + 35*c - 243. What is k(9)?
-9
Let y(k) = 2*k**3 + 11*k**2 + 2*k - 21. Calculate y(-5).
-6
Let m(b) = -b**3 - 6*b**2 + b - 4. What is m(-6)?
-10
Let m(h) = 18*h + 147. Calculate m(-11).
-51
Let o(t) = 2*t**3 - 24*t**2 + 11*t - 18. Determine o(12).
114
Let a(d) = 4*d + 3. What is a(7)?
31
Let i(q) = -q**3 + 11*q**2 - 23*q - 10. Determine i(8).
-2
Let z(t) = t**3 + 3*t**2 + 20*t + 44. Calculate z(-2).
8
Let t(n) = -2*n**3 - 7*n**2 + 13*n + 22. Determine t(-5).
32
Let l(y) = 94*y + 8. Determine l(-1).
-86
Let v(a) = 11*a**2 - 2*a + 1. Give v(1).
10
Let m(r) = r**3 - 7*r**2 - 8*r + 8. Determine m(8).
8
Let c(z) = z**2 - 33*z + 1. Calculate c(33).
1
Let y(b) = -40*b. Calculate y(0).
0
Let b(f) = f**3 - 9*f**2 + 17*f - 30. Calculate b(6).
-36
Let r(n) = 3*n + 1. Calculate r(-2).
-5
Let p(r) = 6*r**2 - 5*r - 3. Determine p(2).
11
Let u(p) = -2*p**3 + 9*p**2 + 3*p - 3. Give u(5).
-13
Let r(w) = w + 3. Determine r(5).
8
Let r(m) = -m + 4. Determine r(4).
0
Let g(i) = 3*i - 13. Determine g(6).
5
Let q(w) = 10*w - 48. Determine q(7).
22
Let a(n) = -n + 5. Calculate a(6).
-1
Let v(r) = r**3 - 3*r**2 - 4*r + 7. Determine v(3).
-5
Let h(f) = 2*f - 2. Determine h(-15).
-32
Let i(y) = -y**2 - 13*y - 11. Determine i(-14).
-25
Let y(a) = -a**3 + 4*a**2 + 3*a - 12. Calculate y(6).
-66
Let h(x) = -x**3 - x**2 + 2*x + 2. Give h(2).
-6
Let w(m) = 2*m**3 - 7*m**2 + 10*m - 7. What is w(4)?
49
Let w(z) = -34*z - 1. Determine w(-2).
67
Let w(a) = 23*a**2 - 115*a - 3. What is w(5)?
-3
Let i(f) = -f + 10. Give i(3).
7
Let g(z) = 2*z**2 - 4*z. Calculate g(-3).
30
Let i(b) = 4*b - 2. Determine i(7).
26
Let b(o) = 8*o + 93. Determine b(-8).
29
Let o(d) = 16*d - 111. Calculate o(7).
1
Let v(g) = g**3 + 6*g**2 + 4*g + 9. Determine v(-6).
-15
Let l(d) = d**2 - 23*d + 95. Give l(16).
-17
Let z(a) = -2*a**2 - 10*a + 21. Calculate z(-6).
9
Let p(m) = m**3 - 8*m**2 - m + 7. What is p(8)?
-1
Let s(c) = c**3 - 2*c**2 - 7*c + 4. Give s(3).
-8
Let t(z) = z**2 + 7*z + 17. Determine t(-5).
7
Let a(z) = -5*z**2 - 2*z - 1. Determine a(-1).
-4
Let k(o) = -15*o**2 - 2*o. What is k(1)?
-17
Let a(x) = 2*x**2 + 13*x - 185. Determine a(7).
4
Let h(y) = -2*y**3 + y**2 - y - 3. Determine h(-2).
19
Let k(i) = -6*i + 83. Calculate k(10).
23
Let y(v) = 3